 factor of 2774 and 7543.
19
What is the greatest common factor of 185 and 17945?
185
Calculate the highest common factor of 83853 and 315.
63
Calculate the greatest common divisor of 339 and 362730.
339
Calculate the greatest common divisor of 249007 and 11.
11
Calculate the greatest common divisor of 18436 and 242.
22
What is the highest common divisor of 28 and 3479364?
28
Calculate the greatest common factor of 240 and 3592.
8
What is the greatest common divisor of 158037 and 1353?
33
Calculate the highest common factor of 147880 and 190.
10
Calculate the highest common factor of 12030 and 390.
30
What is the highest common divisor of 1237806 and 18?
18
What is the highest common divisor of 191535 and 90?
15
What is the highest common divisor of 2188648 and 323?
323
What is the highest common divisor of 4554 and 594?
198
What is the highest common divisor of 630585 and 105?
15
Calculate the greatest common divisor of 18 and 139059.
9
Calculate the greatest common factor of 29 and 3706200.
29
What is the greatest common factor of 1369 and 10767?
37
What is the highest common divisor of 302 and 55417?
151
What is the highest common divisor of 9456 and 99879?
591
Calculate the greatest common factor of 1546112 and 514.
514
What is the greatest common factor of 2278 and 134?
134
What is the greatest common divisor of 42 and 6823551?
21
What is the highest common divisor of 55770 and 402?
6
What is the highest common divisor of 39542 and 646?
34
What is the greatest common divisor of 17427 and 8949?
471
Calculate the greatest common factor of 659878 and 344.
86
What is the greatest common factor of 5093 and 33?
11
Calculate the greatest common factor of 172821 and 627.
33
What is the greatest common divisor of 670835 and 55?
55
What is the highest common factor of 30167 and 22392?
311
What is the highest common factor of 9776 and 186496?
752
What is the highest common divisor of 1025 and 7913?
41
What is the greatest common factor of 160 and 38880?
160
What is the greatest common divisor of 27200 and 11968?
1088
What is the greatest common factor of 3737113 and 317?
317
What is the highest common factor of 26986 and 1310?
262
What is the greatest common divisor of 7787 and 89850?
599
Calculate the highest common factor of 168905 and 220.
55
Calculate the greatest common divisor of 318 and 12.
6
Calculate the greatest common divisor of 1570208 and 96.
32
Calculate the greatest common divisor of 8088 and 816.
24
What is the highest common divisor of 1698730 and 20?
10
Calculate the highest common divisor of 475160 and 560.
280
What is the greatest common divisor of 105203 and 19?
19
What is the highest common divisor of 112428 and 26372?
1388
Calculate the greatest common factor of 332094 and 126.
42
Calculate the greatest common factor of 474822 and 243.
243
Calculate the greatest common divisor of 11381 and 76.
19
Calculate the highest common factor of 71738 and 22.
2
Calculate the greatest common factor of 72255 and 45.
15
Calculate the highest common factor of 348 and 10908.
12
Calculate the greatest common factor of 5 and 109920.
5
Calculate the highest common factor of 32799 and 117.
39
What is the greatest common factor of 64496 and 31088?
464
Calculate the greatest common divisor of 3969082 and 78.
26
Calculate the greatest common divisor of 2618048 and 192.
64
Calculate the highest common divisor of 2884 and 6664.
28
What is the highest common factor of 145 and 405?
5
What is the greatest common factor of 257884 and 484?
44
Calculate the greatest common divisor of 166 and 3126.
2
Calculate the highest common factor of 1173 and 21505.
391
What is the greatest common factor of 160 and 4940?
20
Calculate the greatest common factor of 63 and 188349.
21
What is the greatest common factor of 211476 and 12?
12
What is the highest common factor of 1540 and 61875?
55
Calculate the greatest common factor of 3176 and 2616.
8
What is the greatest common divisor of 14973 and 52080?
651
Calculate the greatest common divisor of 186 and 50437.
31
Calculate the highest common divisor of 267273 and 521.
521
What is the highest common factor of 213 and 10?
1
What is the highest common factor of 70047 and 387?
387
Calculate the greatest common divisor of 7516 and 188.
4
Calculate the greatest common factor of 29022 and 3934.
14
Calculate the highest common factor of 3010 and 2767394.
602
What is the highest common factor of 6840 and 632187?
171
Calculate the greatest common factor of 24846 and 96.
6
Calculate the highest common divisor of 400636 and 814.
74
What is the highest common factor of 11674 and 65554?
898
Calculate the highest common divisor of 65000 and 48.
8
What is the highest common divisor of 2969 and 5?
1
Calculate the greatest common divisor of 11 and 92730.
11
What is the greatest common divisor of 602803 and 68?
17
What is the highest common factor of 48198 and 38976?
174
What is the greatest common factor of 272 and 35768?
136
Calculate the highest common factor of 93817 and 23.
23
Calculate the greatest common divisor of 2385 and 33165.
45
Calculate the highest common factor of 30816 and 2240.
32
Calculate the greatest common factor of 5344 and 41416.
1336
Calculate the highest common divisor of 850082 and 62.
62
Calculate the highest common divisor of 207 and 165807.
207
What is the greatest common divisor of 131026 and 382?
382
What is the greatest common factor of 15 and 274605?
15
Calculate the highest common factor of 36 and 170928.
36
Calculate the greatest common divisor of 60 and 804.
12
What is the greatest common divisor of 4860 and 8560?
20
What is the highest common factor of 4861 and 2?
1
What is the greatest common divisor of 70 and 26432?
14
Calculate the greatest common divisor of 508925 and 675.
25
Calculate the highest common factor of 222 and 640914.
222
What is the highest common factor of 540 and 1157940?
180
What is the highest common divisor of 368426 and 451?
41
What is the greatest common factor of 303 and 4762857?
303
What is the greatest common divisor of 380 and 51170?
10
What is the highest common factor of 802271 and 259?
37
What is the highest common factor of 34122 and 3267?
363
Calculate the greatest common factor of 271986 and 468.
78
What is the highest common divisor of 35516 and 52?
52
What is the greatest common divisor of 148 and 256114?
74
What is the greatest common divisor of 8207 and 1711?
29
Calculate the greatest common divisor of 3703 and 2933.
7
What is the greatest common factor of 2297750 and 3640?
910
What is the highest common divisor of 4706 and 1846?
26
What is the greatest common divisor of 12 and 200814?
6
What is the highest common factor of 252 and 146496?
84
Calculate the highest common factor of 3020 and 17200.
20
What is the greatest common divisor of 60 and 10932?
12
Calculate the greatest common factor of 183 and 229482.
183
Calculate the greatest common factor of 44172 and 133334.
818
Calculate the highest common divisor of 250 and 36550.
50
Calculate the highest common divisor of 10165 and 320465.
535
Calculate the highest common divisor of 9317 and 5621.
77
What is the highest common divisor of 79776 and 162?
18
What is the highest common factor of 930 and 2430?
30
Calculate the greatest common divisor of 16212 and 14196.
84
What is the greatest common divisor of 80 and 5744?
16
Calculate the greatest common factor of 179240 and 40.
40
Calculate the highest common divisor of 81482 and 4454.
262
Calculate the greatest common divisor of 15159 and 14181.
489
Calculate the greatest common factor of 22 and 29227.
11
Calculate the greatest common factor of 119161 and 145.
29
Calculate the greatest common factor of 6629 and 23675.
947
Calculate the greatest common divisor of 374444 and 903.
301
Calculate the greatest common factor of 1404 and 51116.
52
What is the greatest common factor of 392 and 104846?
14
What is the highest common factor of 100 and 153150?
50
Calculate the greatest common divisor of 1027966 and 2422.
346
What is the highest common divisor of 58212 and 54?
54
What is the greatest common factor of 45 and 29730?
15
Calculate the greatest common factor of 3896 and 2760.
8
What is the greatest common divisor of 248 and 194246?
62
What is the highest common fac